se
Is 37 a factor of 9640?
False
Is 13 a factor of 1281?
False
Is 41 a factor of 943?
True
Is 70176 a multiple of 51?
True
Is 56 a factor of 348?
False
Is 588 a multiple of 12?
True
Does 12 divide 1335?
False
Is 68 a factor of 58717?
False
Does 11 divide 101222?
True
Is 13 a factor of 3861?
True
Is 7 a factor of 8620?
False
Is 41 a factor of 6683?
True
Is 59706 a multiple of 214?
True
Is 65 a factor of 2600?
True
Is 1331 a multiple of 11?
True
Does 27 divide 567?
True
Is 11 a factor of 1573?
True
Is 32 a factor of 160?
True
Does 23 divide 1903?
False
Is 11 a factor of 24865?
False
Does 15 divide 40474?
False
Is 1285 a multiple of 40?
False
Is 41 a factor of 1886?
True
Does 14 divide 6980?
False
Is 690 a multiple of 30?
True
Is 2145 a multiple of 13?
True
Is 86 a factor of 20382?
True
Is 2448 a multiple of 204?
True
Is 39 a factor of 16809?
True
Does 33 divide 558?
False
Is 5261 a multiple of 10?
False
Does 90 divide 82800?
True
Is 24 a factor of 22068?
False
Does 4 divide 704?
True
Does 76 divide 47576?
True
Is 14 a factor of 26647?
False
Does 11 divide 48807?
True
Is 10 a factor of 12917?
False
Is 33 a factor of 17293?
False
Does 19 divide 532?
True
Does 48 divide 768?
True
Is 408 a multiple of 6?
True
Does 64 divide 642?
False
Is 944 a multiple of 10?
False
Is 30 a factor of 8880?
True
Does 3 divide 557?
False
Is 83 a factor of 9296?
True
Is 13 a factor of 2444?
True
Is 35 a factor of 20823?
False
Is 15 a factor of 861?
False
Is 91 a factor of 15193?
False
Is 16 a factor of 2188?
False
Does 8 divide 13840?
True
Does 21 divide 3696?
True
Does 22 divide 6644?
True
Is 24 a factor of 1992?
True
Is 10452 a multiple of 78?
True
Is 5911 a multiple of 23?
True
Is 155419 a multiple of 71?
True
Does 13 divide 107429?
False
Is 61 a factor of 74596?
False
Does 73 divide 132?
False
Is 19 a factor of 589?
True
Does 53 divide 18179?
True
Does 32 divide 4224?
True
Is 7 a factor of 3746?
False
Is 2967 a multiple of 14?
False
Is 211 a factor of 12449?
True
Is 15724 a multiple of 19?
False
Is 5 a factor of 49378?
False
Is 3 a factor of 1296?
True
Is 352 a multiple of 21?
False
Does 60 divide 916?
False
Is 2001 a multiple of 3?
True
Is 25 a factor of 71201?
False
Is 46 a factor of 71373?
False
Does 121 divide 1210?
True
Does 76 divide 1292?
True
Is 2928 a multiple of 11?
False
Does 16 divide 990?
False
Does 2 divide 2261?
False
Is 127 a factor of 1329?
False
Does 3 divide 322?
False
Is 235 even?
False
Is 333 a multiple of 40?
False
Is 14 a factor of 532?
True
Is 633 a multiple of 31?
False
Is 6349 a multiple of 11?
False
Is 862 a multiple of 7?
False
Does 30 divide 8664?
False
Does 22 divide 118925?
False
Does 6 divide 1895?
False
Does 96 divide 2820?
False
Does 39 divide 33760?
False
Does 23 divide 536?
False
Is 20768 a multiple of 11?
True
Is 1063 a multiple of 4?
False
Is 3555 a multiple of 34?
False
Is 95 a factor of 33630?
True
Is 27 a factor of 7290?
True
Is 7307 a multiple of 10?
False
Does 56 divide 2576?
True
Is 11752 a multiple of 179?
False
Is 16 a factor of 4140?
False
Does 3 divide 185?
False
Is 6002 a multiple of 18?
False
Is 2573 a multiple of 5?
False
Does 19 divide 2299?
True
Does 84 divide 420?
True
Is 10 a factor of 397?
False
Does 42 divide 24356?
False
Is 14 a factor of 70?
True
Is 3 a factor of 151?
False
Does 265 divide 9672?
False
Is 5 a factor of 1365?
True
Is 13 a factor of 1755?
True
Is 7939 a multiple of 42?
False
Is 44 a factor of 4004?
True
Is 420 a multiple of 21?
True
Is 496 a multiple of 8?
True
Is 80 a multiple of 8?
True
Is 26 a factor of 3016?
True
Is 3 a factor of 27?
True
Is 2884 a multiple of 2?
True
Is 83 a factor of 166?
True
Is 128 a factor of 149586?
False
Does 16 divide 3382?
False
Does 12 divide 13416?
True
Is 13 a factor of 97814?
False
Does 7 divide 198?
False
Is 12 a factor of 756?
True
Does 16 divide 1184?
True
Is 309 a factor of 75087?
True
Is 3 a factor of 2417?
False
Does 7 divide 465?
False
Does 37 divide 539?
False
Is 4319 a multiple of 60?
False
Does 60 divide 18707?
False
Does 36 divide 15660?
True
Is 24324 a multiple of 43?
False
Does 2 divide 533?
False
Does 10 divide 46?
False
Does 52 divide 26072?
False
Is 10 a factor of 2160?
True
Is 8745 a multiple of 33?
True
Does 5 divide 2240?
True
Is 2090 a multiple of 95?
True
Is 28 a factor of 211?
False
Is 838 a multiple of 3?
False
Does 9 divide 1098?
True
Is 304 a multiple of 28?
False
Does 13 divide 200?
False
Does 12 divide 2527?
False
Is 27 a factor of 3159?
True
Is 50 a factor of 2900?
True
Is 55 a factor of 1815?
True
Is 10 a factor of 135930?
True
Does 25 divide 1611?
False
Does 70 divide 3430?
True
Is 1173 a multiple of 69?
True
Does 49 divide 1347?
False
Is 291 a factor of 63875?
False
Does 7 divide 413?
True
Is 34 a factor of 476?
True
Does 189 divide 3402?
True
Is 444 a multiple of 37?
True
Is 777 a multiple of 7?
True
Is 7 a factor of 1151?
False
Is 104 a factor of 9850?
False
Is 15 a factor of 2415?
True
Does 18 divide 2717?
False
Is 9 a factor of 17991?
True
Is 12 a factor of 36552?
True
Does 11 divide 717?
False
Is 3400 a multiple of 17?
True
Does 10 divide 430?
True
Is 29 a factor of 1885?
True
Is 31 a factor of 1236?
False
Is 2 a factor of 970?
True
Is 11 a factor of 91?
False
Is 30 a factor of 480?
True
Does 10 divide 150?
True
Does 16 divide 1781?
False
Is 479 a multiple of 15?
False
Is 4548 a multiple of 12?
True
Is 272 a multiple of 34?
True
Is 5046 a multiple of 52?
False
Is 20789 a multiple of 202?
False
Is 9 a factor of 306?
True
Is 191 a multiple of 10?
False
Is 3505 a multiple of 137?
False
Is 19 a factor of 31065?
True
Is 10 a factor of 100?
True
Does 9 divide 182?
False
Is 16 even?
True
Is 520 a multiple of 52?
True
Is 18 a factor of 45325?
False
Is 360 a multiple of 15?
True
Is 17 a factor of 1003?
True
Is 13 a factor of 64?
False
Is 34242 a multiple of 94?
False
Does 9 divide 90?
True
Is 31 a factor of 1480?
False
Does 43 divide 1161?
True
Is 1356 a multiple of 12?
True
Is 6 a factor of 2483?
False
Is 3416 a multiple of 14?
True
Does 6 divide 839?
False
Does 229 divide 41741?
False
Is 25 a factor of 336?
False
Is 1125 a multiple of 3?
True
Is 35122 a multiple of 17?
True
Does 62 divide 1364?
True
Is 6 a factor of 17120?
False
Does 20 divide 28100?
True
Is 55976 a multiple of 30?
False
Is 19664 a multiple of 16?
True
Does 33 divide 231?
True
Does 3 divide 4168?
False
Is 55 a factor of 5830?
True
Does 6 divide 21768?
True
Is 60 a factor of 24780?
True
Is 98 a multiple of 2?
True
Does 3 divide 366?
True
Is 37 a factor of 20013?
False
Does 35 divide 115885?
True
Is 8 a factor of 3536?
True
Is 12 a factor of 773?
False
Does 9 divide 116?
False
Is 471 a multiple of 30?
False
Is 16887 a multiple of 13?
True
Is 11486 a multiple of 8?
False
Is 1139 a multiple of 15?
False
Is 24752 a multiple of 52?
True
Does 51 divide 1096?
False
Does 21 divide 4788?
True
Is 24832 a multiple of 24?
False
Is 173 a factor of 19320?
False
Is 288 a multiple of 13?
False
Is 28 a factor of 32794?
False
Does 54 divide 2365?
False
Is 87 a factor of 1218?
True
Is 86 a multiple of 3?
False
Is 929 a multiple of 91?
False
Is 58 a factor of 2678?
False
Is 19136 a multiple of 8?
True
Is 18 a factor of 525?
False
Does 17 divide 60423?
False
Does 7 divide 14150?
False
Is 510 a multiple of 6?
True
Is 19 a factor of 1102?
True
Is 290 a multiple of 29?
True
Does 29 divide 4075?
False
Does 52 divide 635?
False
Is 117 a factor of 1519?
False
Is 26 a factor of 3224?
True
Is 3 a factor of 484?
False
Is 1392 a multiple of 37?
False
Is 19376 a multiple of 16?
True
Does 60 divide 1051?
False
Does 67 divide 4607?
False
Does 39 divide 11722?
False
Does 18 divide 2732?
False
Is 288 a multiple of 3?
True
Is 130 a multiple of 17?
False
Does 17 divide 5984?
True
Does 53 divide 1484?
True
Does 36 divide 4284?
True
Does 35 divide 2135?
True
Does 24 divide 1023?
False
Does 6 divide 564?
True
Is 57 a factor of 12768?
True
Does 5 divide 171?
False
Is 198 a multiple of 9?
True
Is 8 a factor of 3040?
True
Does 12 divide 1382?
False
Is 159 a multiple of 159?
True
Is 28 a factor of 3024?
True
Is 435 a multiple of 2?
False
Does 5 divide 4080?
True
Is 13449 a multiple of 12?
False
Is 20 a factor of 120?
True
Is 1077 a multiple of 13?
False
Is 22 a factor of 6160?
True
Does 9 divide 2304?
True